actors of n.
2, 7
List the prime factors of -1 + 3 + (43 - 3).
2, 3, 7
Suppose 4*r = 8*r - 20. Suppose r*f - 95 = -20. What are the prime factors of f?
3, 5
Suppose 0*k = -k + 4. Suppose 0 = 3*v - k*v + 8. List the prime factors of v.
2
Let a(p) = p**3 - 5*p**2 + 4*p + 2. Let c be a(4). Suppose 5*g - 18 = 3*d, c*g - 8 = -2*d + 12. List the prime factors of g.
2, 3
Let g(w) = w + 4. Let c be (4 + -1)/(6 - 5). Let z be g(c). Suppose 0 = 2*x - z - 17. What are the prime factors of x?
2, 3
Suppose -6*p + 95 = 5*c - 3*p, -2*c + 7 = -5*p. Suppose -c*u + 15*u + 40 = 0. List the prime factors of u.
2, 5
Suppose -o + 2*k + 10 = 0, 3*o - 8*o = -4*k - 26. Suppose 0*l - 28 = -2*l. What are the prime factors of o/(-3) - l/(-3)?
2
Let y(q) be the first derivative of 2*q**3/3 + 9*q**2/2 + 3*q - 2. List the prime factors of y(-7).
2, 19
Let v = -110 - -196. List the prime factors of v.
2, 43
Let m(u) = u**3 + 6*u**2 - 2*u + 6. Let s(v) = 3*v + 9. Let o be s(-5). What are the prime factors of m(o)?
2, 3
Suppose 4*t - 2*a + 3 = 21, 0 = -4*a + 4. Suppose 0*f = -5*f - t*g + 125, -13 = -f + 5*g. List the prime factors of f.
23
Let j = -206 + 279. List the prime factors of j.
73
Let v = 0 + 6. Let r be (-3)/((7 + -3)/(-4)). Suppose -80 = -4*w - r*h, 2*h - v*h + 100 = 5*w. List the prime factors of w.
2, 5
Let c(s) = -s**3 + 12*s**2 - 4*s + 13. List the prime factors of c(11).
2, 3, 5
Let l = -9 - -5. Let z = 1 - l. Suppose 0 = d + m - 19, -7*m + 3*m - 50 = -z*d. What are the prime factors of d?
2, 7
Let y(o) = 2*o - 6. Suppose -3*b = -5*g - 25, 2*b = -3*g + 36 - 13. List the prime factors of y(b).
2, 7
Let z = 80 + -52. What are the prime factors of z?
2, 7
Let f be (2 + 6)/(2/4). Suppose -3*n = -n - f. What are the prime factors of n?
2
Suppose -5*l + 15 = 4*z - 0*l, 4*z = 5*l - 15. Suppose z = 2*a + 4*u - 68, 0 = a + 5*u - 35 + 7. List the prime factors of a.
2, 19
Let h(l) = l**2 + 4*l + 3. Let w be h(-3). Suppose 2*i + 8 - 40 = w. List the prime factors of i.
2
Let j be (-6)/2 - (-45)/5. Suppose -3*q - 24 = -3*m + 3, 0 = -2*m - q + j. Suppose -i = -s + 4*i + 19, -2*i - 95 = -m*s. What are the prime factors of s?
19
Suppose 0 = -3*c - 36 - 72. Let d = -18 - c. What are the prime factors of d/27 + (-44)/(-6)?
2
Suppose -v + 31 = -9. List the prime factors of v.
2, 5
Suppose -3*a + 7*a = 60. What are the prime factors of a?
3, 5
Let i(d) be the third derivative of 1/60*d**5 + 0*d - 1/8*d**4 + 2/3*d**3 + 2*d**2 + 0. List the prime factors of i(4).
2
Let q = -9 + 13. Suppose 2*z = 3*u - 76, z = -u - q*u + 105. What are the prime factors of u?
2, 11
Suppose -110 = -2*o + 300. What are the prime factors of o?
5, 41
Let x = -2 - -16. What are the prime factors of x?
2, 7
Let y be (-10)/5*6/(-4). Suppose -2*x - 3 = -6*w + 5*w, 0 = -4*w + y*x + 32. What are the prime factors of w?
11
Suppose 48 = -4*g + 8*g. List the prime factors of g.
2, 3
Let i be (-1)/4 - (-6)/(-8). List the prime factors of (i/3)/(3/(-117)).
13
Let m be 2/(171/84 - 2). Suppose -5*z + 5 = 0, -3*p + 0*z + m = -4*z. Suppose 2*y - p = 2*n, -4*y + 3*n + 0*n + 35 = 0. List the prime factors of y.
5
Suppose -3*z - 3*z = -342. What are the prime factors of z?
3, 19
Suppose -2 = -2*r - 0*r. Let q be 0/4 + r + -14. Let i = q - -21. What are the prime factors of i?
2
Suppose -2*c + 11 = 2*i + c, -30 = 5*i - 4*c. Let u be 3/i*8/6. List the prime factors of 8/u*3/(-4).
3
Suppose d - 183 = -5*j - 37, d = 5*j + 126. What are the prime factors of d?
2, 17
Let g = -9 - -6. Let s be -1 + 0/(9/g). List the prime factors of 9 + (2 + -2)/s.
3
Suppose -5*o + 35 = 2*d - 0*d, 3*o = -3*d + 39. Let s(l) = 8 + 4*l + 6*l - l**3 + 7*l**2 + 2*l**2. List the prime factors of s(d).
2
Let z = -223 - -341. What are the prime factors of z?
2, 59
Suppose s + 6 + 3 = 2*f, -s - 15 = -4*f. Let m = 0 - s. Suppose -5*n + 59 = m*k, -4*n = k - 5*k - 28. List the prime factors of n.
2, 5
Suppose -r + 13 = 4. Suppose 0 = -4*b + b - 4*o + 21, 2*o + r = 5*b. What are the prime factors of b?
3
Let g(v) = v**2 - 7*v + 7. Let m be g(6). What are the prime factors of (m*2)/(18/27)?
3
What are the prime factors of (-54)/(-1) + (-1 - -4)?
3, 19
Let f be 1/(-2) + (-203)/14. Let z be ((-4)/(-2))/(1/(-2)). List the prime factors of z/20 + (-108)/f.
7
Let w(v) be the first derivative of v**4/4 + 4*v**3/3 - 5*v**2/2 - 6*v - 2. What are the prime factors of w(-4)?
2, 7
Let z(v) = v**2 + 11*v + 14. Let h be z(-10). List the prime factors of -1*(-17 + (-8)/h).
19
Let f(i) = 11*i**3 - 4*i**2 + 6*i - 13. List the prime factors of f(3).
2, 7, 19
Let t be 4/(-10) + (-204)/(-10). Suppose -4*v = -9*v + t. Suppose 0 = l + v*l - 30. List the prime factors of l.
2, 3
List the prime factors of 50/(((-6)/(-28))/((-6)/(-8))).
5, 7
Let i(k) = 4*k + k**2 + 4 - 6*k - k. Suppose -3*j + 2 + 10 = 0. What are the prime factors of i(j)?
2
Suppose 2*a = 4*a + 60. List the prime factors of -3 + -3 + (1 - a).
5
Let h(a) = 3*a - 2. Let u be h(-2). What are the prime factors of 5*(u/10 - -3)?
11
Suppose -3*n - d - 120 = -8*n, 3*n + 5*d - 100 = 0. Suppose 0 = 2*p + 4, 0 = -5*b - 4*p + n + 7. List the prime factors of b.
2
Let f(s) be the third derivative of s**6/120 - s**4/24 + 5*s**3/3 + 3*s**2. List the prime factors of f(0).
2, 5
Let c(f) = f**3 + 8*f**2 + 3*f - 4. List the prime factors of c(-7).
2, 3
Let q = 9 - 7. Suppose 5*v = w + 3*v - 10, 0 = -2*w - q*v - 4. Suppose 4*p - 30 = -w*k, -p + 26 = 5*k - 4. What are the prime factors of p?
5
Let h = -62 + 89. List the prime factors of h.
3
Let b(p) = p**2 + 4*p + 4. Let v be b(-3). Let u = v - 0. Let t(n) = 11*n**2 + 1. List the prime factors of t(u).
2, 3
Let p = -126 - -144. What are the prime factors of p?
2, 3
List the prime factors of (-1)/((8/(-548))/2).
137
Let r be (-18)/(0 - (-3)/(-4)). Suppose 5*z = -6 - r. Let d = 9 + z. List the prime factors of d.
3
Let z(x) = -2*x**3 + 17*x**2 + 13*x - 7. What are the prime factors of z(8)?
7, 23
Let g = -5 + 31. Suppose 5 = -4*w - 5*x + 75, g = 2*w - 2*x. List the prime factors of w.
3, 5
Let r = -358 - -524. List the prime factors of r.
2, 83
Let x be (5/(-2))/(4/8). What are the prime factors of (-12)/30 - 62/x?
2, 3
Let t be (5 - 0)*(-2)/(-2). Let j(p) = 2*p + 2 - t*p + 2*p. List the prime factors of j(0).
2
Suppose i - 4*s - 6 = 2*i, 0 = i - 5*s - 3. Let y be (i*1/(-2))/(-1). List the prime factors of 1 - (-1 + -5 - y).
2, 3
Let x(u) = -u - 1. Let m be x(-8). Let o = 18 - m. What are the prime factors of o?
11
Suppose -2*t + 6 = n, n + 4*t = 12 + 4. Let y = n - -9. List the prime factors of (y/(-2))/(1/(-2)).
5
Let p(h) = 2*h**2 - 1. Let f be p(-2). Suppose 0 = -a + f. List the prime factors of a.
7
Let y(v) = v - 1. Let b(l) = 4*l - 5. Let g(w) = -b(w) + y(w). List the prime factors of g(-3).
13
List the prime factors of 198/8 - 5/(-20).
5
Let x = -3 + 9. What are the prime factors of ((-8)/x)/(1/(-12))?
2
List the prime factors of 0 + -2 - 47/(-1).
3, 5
Suppose -9*z + 0*z + 1764 = 0. What are the prime factors of z?
2, 7
Let i be 1/(-2)*0/3. Suppose i = 3*n + 2*n - 10. List the prime factors of n.
2
Let q(x) = 2*x**3 - 3*x**2 + 3*x. Suppose -f - 5 = y - 3*y, 4*y - 5*f - 13 = 0. List the prime factors of q(y).
2, 5
Suppose 5*v + o - 37 = 6, 0 = 5*v + 3*o - 39. Let r = 4 + v. What are the prime factors of r?
13
List the prime factors of ((-12)/8)/(6/8)*-24.
2, 3
Let k(r) = r**2 + 2*r + 4. Let z be k(-2). Let x be (-1 + 2)/((-2)/(-6)). Suppose x*i + 3*o - 3 = -0, z*o + 21 = i. List the prime factors of i.
5
Let g(q) be the first derivative of 2*q**3/3 + 7*q**2/2 + 4*q + 1. Let u(t) = t**2 + 4*t + 2. Let m(o) = 3*g(o) - 7*u(o). List the prime factors of m(-6).
2
Let x = 11 - 0. Suppose 2*r - x + 3 = 0. Suppose 2*d = -2*p - 0*d + 16, 0 = r*p - 3*d - 46. List the prime factors of p.
2, 5
Suppose 7*v - 289 = 691. List the prime factors of v.
2, 5, 7
Let c = 0 - 4. Let m = -29 - c. Let r = -18 - m. List the prime factors of r.
7
Let w(o) = -4*o - 3. Let d be w(-2). Suppose -97 = -5*a - 3*f, 10*a - 105 = 5*a - d*f. List the prime factors of a.
17
Let v(g) be the first derivative of 1/2*g**2 - 1/4*g**4 + 13*g + 3 + 0*g**3. What are the prime factors of v(0)?
13
Let x(q) = q**3 - 2*q + 3. Let a be x(2). Suppose -a = -3*h + 5. List the prime factors of h.
2
Let m be (-1 + 2)/((-1)/39)